{"id":1537,"date":"2024-07-21T09:13:06","date_gmt":"2024-07-21T12:13:06","guid":{"rendered":"https:\/\/cinemovimenta.com.br\/centro\/acessibilidade-copy\/"},"modified":"2024-08-05T10:39:40","modified_gmt":"2024-08-05T13:39:40","slug":"contato","status":"publish","type":"page","link":"https:\/\/cinemovimenta.com.br\/centro\/contato\/","title":{"rendered":"Contato"},"content":{"rendered":"\t\t<div data-elementor-type=\"wp-page\" data-elementor-id=\"1537\" class=\"elementor elementor-1537\" data-elementor-post-type=\"page\">\n\t\t\t\t<div class=\"elementor-element elementor-element-cb367d8 e-con-full e-flex e-con e-parent\" data-id=\"cb367d8\" data-element_type=\"container\" data-settings=\"{&quot;background_background&quot;:&quot;classic&quot;,&quot;jet_parallax_layout_list&quot;:[]}\">\n\t\t<div class=\"elementor-element elementor-element-93271ed e-flex e-con-boxed e-con e-child\" data-id=\"93271ed\" data-element_type=\"container\" data-settings=\"{&quot;jet_parallax_layout_list&quot;:[]}\">\n\t\t\t\t\t<div class=\"e-con-inner\">\n\t\t\t\t<div class=\"elementor-element elementor-element-6b382f4 elementor-widget elementor-widget-heading\" data-id=\"6b382f4\" data-element_type=\"widget\" data-widget_type=\"heading.default\">\n\t\t\t\t<div class=\"elementor-widget-container\">\n\t\t\t\t\t<h2 class=\"elementor-heading-title elementor-size-default\">CONTATO<\/h2>\t\t\t\t<\/div>\n\t\t\t\t<\/div>\n\t\t\t\t\t<\/div>\n\t\t\t\t<\/div>\n\t\t\t\t<\/div>\n\t\t<div class=\"elementor-element elementor-element-463cc84 e-con-full e-flex e-con e-parent\" data-id=\"463cc84\" data-element_type=\"container\" data-settings=\"{&quot;background_background&quot;:&quot;classic&quot;,&quot;jet_parallax_layout_list&quot;:[]}\">\n\t\t<div class=\"elementor-element elementor-element-08ee360 e-flex e-con-boxed e-con e-child\" data-id=\"08ee360\" data-element_type=\"container\" data-settings=\"{&quot;jet_parallax_layout_list&quot;:[]}\">\n\t\t\t\t\t<div class=\"e-con-inner\">\n\t\t\t\t<div class=\"elementor-element elementor-element-e87f491 elementor-widget elementor-widget-text-editor\" data-id=\"e87f491\" data-element_type=\"widget\" data-widget_type=\"text-editor.default\">\n\t\t\t\t<div class=\"elementor-widget-container\">\n\t\t\t\t\t\t\t\t\t<p>Em casos de d\u00favidas sobre a programa\u00e7\u00e3o dos filmes, quest\u00f5es relacionadas \u00e0 acessibilidade ou outros aspectos do projeto, voc\u00ea pode entrar em contato com nossa equipe organizadora por meio do e-mail contatocinemovimenta@gmail.com. Tamb\u00e9m \u00e9 poss\u00edvel nos contatar atrav\u00e9s de mensagem para o nosso perfil no Instagram @cinemovimenta.<\/p><p>Ao enviar uma mensagem, pedimos que nos d\u00ea o maior detalhamento poss\u00edvel sobre a sua solicita\u00e7\u00e3o para maior efici\u00eancia e agilidade na resolu\u00e7\u00e3o.<\/p><p>Servi\u00e7o:<br \/>Cine Movimenta Centro<\/p><p>E-mail:<br \/>contatocinemovimenta@gmail.com<\/p><p>Per\u00edodo de realiza\u00e7\u00e3o:<br \/>Julho de 2024\u00a0a\u00a0Mar\u00e7o\u00a0de\u00a02025<\/p>\t\t\t\t\t\t\t\t<\/div>\n\t\t\t\t<\/div>\n\t\t\t\t\t<\/div>\n\t\t\t\t<\/div>\n\t\t\t\t<\/div>\n\t\t\t\t<\/div>\n\t\t","protected":false},"excerpt":{"rendered":"<p>CONTATO Em casos de d\u00favidas sobre a programa\u00e7\u00e3o dos filmes, quest\u00f5es relacionadas \u00e0 acessibilidade ou outros aspectos do projeto, voc\u00ea pode entrar em contato com nossa equipe organizadora por meio do e-mail contatocinemovimenta@gmail.com. Tamb\u00e9m \u00e9 poss\u00edvel nos contatar atrav\u00e9s de mensagem para o nosso perfil no Instagram @cinemovimenta. Ao enviar uma mensagem, pedimos que nos [&hellip;]<\/p>\n","protected":false},"author":1,"featured_media":0,"parent":0,"menu_order":0,"comment_status":"closed","ping_status":"closed","template":"elementor_header_footer","meta":{"footnotes":""},"class_list":["post-1537","page","type-page","status-publish","hentry"],"yoast_head":"<!-- This site is optimized with the Yoast SEO plugin v26.1.1 - https:\/\/yoast.com\/wordpress\/plugins\/seo\/ -->\n<title>Contato - Cine Movimenta Centro<\/title>\n<meta name=\"robots\" content=\"index, follow, max-snippet:-1, max-image-preview:large, max-video-preview:-1\" \/>\n<link rel=\"canonical\" href=\"https:\/\/cinemovimenta.com.br\/centro\/contato\/\" \/>\n<meta property=\"og:locale\" content=\"pt_BR\" \/>\n<meta property=\"og:type\" content=\"article\" \/>\n<meta property=\"og:title\" content=\"Contato - Cine Movimenta Centro\" \/>\n<meta property=\"og:description\" content=\"CONTATO Em casos de d\u00favidas sobre a programa\u00e7\u00e3o dos filmes, quest\u00f5es relacionadas \u00e0 acessibilidade ou outros aspectos do projeto, voc\u00ea pode entrar em contato com nossa equipe organizadora por meio do e-mail contatocinemovimenta@gmail.com. Tamb\u00e9m \u00e9 poss\u00edvel nos contatar atrav\u00e9s de mensagem para o nosso perfil no Instagram @cinemovimenta. Ao enviar uma mensagem, pedimos que nos [&hellip;]\" \/>\n<meta property=\"og:url\" content=\"https:\/\/cinemovimenta.com.br\/centro\/contato\/\" \/>\n<meta property=\"og:site_name\" content=\"Cine Movimenta Centro\" \/>\n<meta property=\"article:modified_time\" content=\"2024-08-05T13:39:40+00:00\" \/>\n<meta name=\"twitter:card\" content=\"summary_large_image\" \/>\n<meta name=\"twitter:label1\" content=\"Est. tempo de leitura\" \/>\n\t<meta name=\"twitter:data1\" content=\"1 minuto\" \/>\n<script type=\"application\/ld+json\" class=\"yoast-schema-graph\">{\"@context\":\"https:\/\/schema.org\",\"@graph\":[{\"@type\":\"WebPage\",\"@id\":\"https:\/\/cinemovimenta.com.br\/centro\/contato\/\",\"url\":\"https:\/\/cinemovimenta.com.br\/centro\/contato\/\",\"name\":\"Contato - Cine Movimenta Centro\",\"isPartOf\":{\"@id\":\"https:\/\/cinemovimenta.com.br\/centro\/#website\"},\"datePublished\":\"2024-07-21T12:13:06+00:00\",\"dateModified\":\"2024-08-05T13:39:40+00:00\",\"breadcrumb\":{\"@id\":\"https:\/\/cinemovimenta.com.br\/centro\/contato\/#breadcrumb\"},\"inLanguage\":\"pt-BR\",\"potentialAction\":[{\"@type\":\"ReadAction\",\"target\":[\"https:\/\/cinemovimenta.com.br\/centro\/contato\/\"]}]},{\"@type\":\"BreadcrumbList\",\"@id\":\"https:\/\/cinemovimenta.com.br\/centro\/contato\/#breadcrumb\",\"itemListElement\":[{\"@type\":\"ListItem\",\"position\":1,\"name\":\"In\u00edcio\",\"item\":\"https:\/\/cinemovimenta.com.br\/centro\/\"},{\"@type\":\"ListItem\",\"position\":2,\"name\":\"Contato\"}]},{\"@type\":\"WebSite\",\"@id\":\"https:\/\/cinemovimenta.com.br\/centro\/#website\",\"url\":\"https:\/\/cinemovimenta.com.br\/centro\/\",\"name\":\"Cine Movimenta Centro\",\"description\":\"Mostra de Cinema\",\"publisher\":{\"@id\":\"https:\/\/cinemovimenta.com.br\/centro\/#organization\"},\"potentialAction\":[{\"@type\":\"SearchAction\",\"target\":{\"@type\":\"EntryPoint\",\"urlTemplate\":\"https:\/\/cinemovimenta.com.br\/centro\/?s={search_term_string}\"},\"query-input\":{\"@type\":\"PropertyValueSpecification\",\"valueRequired\":true,\"valueName\":\"search_term_string\"}}],\"inLanguage\":\"pt-BR\"},{\"@type\":\"Organization\",\"@id\":\"https:\/\/cinemovimenta.com.br\/centro\/#organization\",\"name\":\"Cine Movimenta Centro\",\"url\":\"https:\/\/cinemovimenta.com.br\/centro\/\",\"logo\":{\"@type\":\"ImageObject\",\"inLanguage\":\"pt-BR\",\"@id\":\"https:\/\/cinemovimenta.com.br\/centro\/#\/schema\/logo\/image\/\",\"url\":\"https:\/\/cinemovimenta.com.br\/centro\/wp-content\/uploads\/2024\/07\/header-site.png\",\"contentUrl\":\"https:\/\/cinemovimenta.com.br\/centro\/wp-content\/uploads\/2024\/07\/header-site.png\",\"width\":1920,\"height\":200,\"caption\":\"Cine Movimenta Centro\"},\"image\":{\"@id\":\"https:\/\/cinemovimenta.com.br\/centro\/#\/schema\/logo\/image\/\"}}]}<\/script>\n<!-- \/ Yoast SEO plugin. -->","yoast_head_json":{"title":"Contato - Cine Movimenta Centro","robots":{"index":"index","follow":"follow","max-snippet":"max-snippet:-1","max-image-preview":"max-image-preview:large","max-video-preview":"max-video-preview:-1"},"canonical":"https:\/\/cinemovimenta.com.br\/centro\/contato\/","og_locale":"pt_BR","og_type":"article","og_title":"Contato - Cine Movimenta Centro","og_description":"CONTATO Em casos de d\u00favidas sobre a programa\u00e7\u00e3o dos filmes, quest\u00f5es relacionadas \u00e0 acessibilidade ou outros aspectos do projeto, voc\u00ea pode entrar em contato com nossa equipe organizadora por meio do e-mail contatocinemovimenta@gmail.com. Tamb\u00e9m \u00e9 poss\u00edvel nos contatar atrav\u00e9s de mensagem para o nosso perfil no Instagram @cinemovimenta. Ao enviar uma mensagem, pedimos que nos [&hellip;]","og_url":"https:\/\/cinemovimenta.com.br\/centro\/contato\/","og_site_name":"Cine Movimenta Centro","article_modified_time":"2024-08-05T13:39:40+00:00","twitter_card":"summary_large_image","twitter_misc":{"Est. tempo de leitura":"1 minuto"},"schema":{"@context":"https:\/\/schema.org","@graph":[{"@type":"WebPage","@id":"https:\/\/cinemovimenta.com.br\/centro\/contato\/","url":"https:\/\/cinemovimenta.com.br\/centro\/contato\/","name":"Contato - Cine Movimenta Centro","isPartOf":{"@id":"https:\/\/cinemovimenta.com.br\/centro\/#website"},"datePublished":"2024-07-21T12:13:06+00:00","dateModified":"2024-08-05T13:39:40+00:00","breadcrumb":{"@id":"https:\/\/cinemovimenta.com.br\/centro\/contato\/#breadcrumb"},"inLanguage":"pt-BR","potentialAction":[{"@type":"ReadAction","target":["https:\/\/cinemovimenta.com.br\/centro\/contato\/"]}]},{"@type":"BreadcrumbList","@id":"https:\/\/cinemovimenta.com.br\/centro\/contato\/#breadcrumb","itemListElement":[{"@type":"ListItem","position":1,"name":"In\u00edcio","item":"https:\/\/cinemovimenta.com.br\/centro\/"},{"@type":"ListItem","position":2,"name":"Contato"}]},{"@type":"WebSite","@id":"https:\/\/cinemovimenta.com.br\/centro\/#website","url":"https:\/\/cinemovimenta.com.br\/centro\/","name":"Cine Movimenta Centro","description":"Mostra de Cinema","publisher":{"@id":"https:\/\/cinemovimenta.com.br\/centro\/#organization"},"potentialAction":[{"@type":"SearchAction","target":{"@type":"EntryPoint","urlTemplate":"https:\/\/cinemovimenta.com.br\/centro\/?s={search_term_string}"},"query-input":{"@type":"PropertyValueSpecification","valueRequired":true,"valueName":"search_term_string"}}],"inLanguage":"pt-BR"},{"@type":"Organization","@id":"https:\/\/cinemovimenta.com.br\/centro\/#organization","name":"Cine Movimenta Centro","url":"https:\/\/cinemovimenta.com.br\/centro\/","logo":{"@type":"ImageObject","inLanguage":"pt-BR","@id":"https:\/\/cinemovimenta.com.br\/centro\/#\/schema\/logo\/image\/","url":"https:\/\/cinemovimenta.com.br\/centro\/wp-content\/uploads\/2024\/07\/header-site.png","contentUrl":"https:\/\/cinemovimenta.com.br\/centro\/wp-content\/uploads\/2024\/07\/header-site.png","width":1920,"height":200,"caption":"Cine Movimenta Centro"},"image":{"@id":"https:\/\/cinemovimenta.com.br\/centro\/#\/schema\/logo\/image\/"}}]}},"_links":{"self":[{"href":"https:\/\/cinemovimenta.com.br\/centro\/wp-json\/wp\/v2\/pages\/1537","targetHints":{"allow":["GET"]}}],"collection":[{"href":"https:\/\/cinemovimenta.com.br\/centro\/wp-json\/wp\/v2\/pages"}],"about":[{"href":"https:\/\/cinemovimenta.com.br\/centro\/wp-json\/wp\/v2\/types\/page"}],"author":[{"embeddable":true,"href":"https:\/\/cinemovimenta.com.br\/centro\/wp-json\/wp\/v2\/users\/1"}],"replies":[{"embeddable":true,"href":"https:\/\/cinemovimenta.com.br\/centro\/wp-json\/wp\/v2\/comments?post=1537"}],"version-history":[{"count":0,"href":"https:\/\/cinemovimenta.com.br\/centro\/wp-json\/wp\/v2\/pages\/1537\/revisions"}],"wp:attachment":[{"href":"https:\/\/cinemovimenta.com.br\/centro\/wp-json\/wp\/v2\/media?parent=1537"}],"curies":[{"name":"wp","href":"https:\/\/api.w.org\/{rel}","templated":true}]}}